{"id":2818,"date":"2020-01-31T11:23:25","date_gmt":"2020-01-31T10:23:25","guid":{"rendered":"http:\/\/www.jochenguertler.de\/?page_id=2818"},"modified":"2020-12-07T10:29:25","modified_gmt":"2020-12-07T09:29:25","slug":"design-thinking-masterclass-stimme-praesenz-auftreten","status":"publish","type":"page","link":"https:\/\/www.jochenguertler.de\/?page_id=2818","title":{"rendered":"Design Thinking Masterclass: Stimme, Pr\u00e4senz &#038; Auftreten"},"content":{"rendered":"\n<div class=\"wp-block-image\"><figure class=\"aligncenter\"><img loading=\"lazy\" decoding=\"async\" width=\"1024\" height=\"1024\" src=\"https:\/\/www.jochenguertler.de\/wp-content\/uploads\/2020\/01\/2018-10-28-23.17.43-1900397548477583123_6890354208-1024x1024.jpg\" alt=\"\" class=\"wp-image-2821\" srcset=\"https:\/\/www.jochenguertler.de\/wp-content\/uploads\/2020\/01\/2018-10-28-23.17.43-1900397548477583123_6890354208-1024x1024.jpg 1024w, https:\/\/www.jochenguertler.de\/wp-content\/uploads\/2020\/01\/2018-10-28-23.17.43-1900397548477583123_6890354208-150x150.jpg 150w, https:\/\/www.jochenguertler.de\/wp-content\/uploads\/2020\/01\/2018-10-28-23.17.43-1900397548477583123_6890354208-300x300.jpg 300w, https:\/\/www.jochenguertler.de\/wp-content\/uploads\/2020\/01\/2018-10-28-23.17.43-1900397548477583123_6890354208-768x768.jpg 768w, https:\/\/www.jochenguertler.de\/wp-content\/uploads\/2020\/01\/2018-10-28-23.17.43-1900397548477583123_6890354208-100x100.jpg 100w, https:\/\/www.jochenguertler.de\/wp-content\/uploads\/2020\/01\/2018-10-28-23.17.43-1900397548477583123_6890354208.jpg 1080w\" sizes=\"auto, (max-width: 1024px) 100vw, 1024px\" \/><\/figure><\/div>\n\n\n\n<blockquote class=\"wp-block-quote is-layout-flow wp-block-quote-is-layout-flow\"><p>Don\u00b4t just do something. Be there&#8220;<\/p><\/blockquote>\n\n\n\n<h4 class=\"wp-block-heading\">Auf der kreativen Workshop-B\u00fchne &#8211; und nun?<\/h4>\n\n\n\n<p class=\"has-drop-cap\">Als Design Thinking Coach m\u00fcssen Sie in Ihrer Arbeit oft und gerne (?) in die unterschiedlichsten Rollen schl\u00fcpfen: Das eine Mal sind Sie der Experte, der die n\u00e4chsten Arbeitsschritte und Methode erkl\u00e4rt. Dann Workshop-Leiter und Facilitator, der einzelne Teams und mitunter auch gro\u00dfe Gruppen durch eine h\u00e4ufig dicht-gedr\u00e4ngte Agenda navigiert. Oder Vermittler bei Team-Konflikten, die in der oftmals sehr intensiven Teamarbeit fast unweigerlich entstehen. Und last but not least auch Rollenvorbild und \u201eChange Agent\u201c, der die mit Design Thinking verbundene Arbeitskultur in der eigenen Abteilung oder dem Unternehmen vorleben will, und daf\u00fcr auch \u00dcberzeugungsarbeit leisten m\u00f6chte und muss.<\/p>\n\n\n\n<p>Neben inhaltlicher und methodischer Expertise sind dabei aus meiner Erfahrung vor allem eine gute Pr\u00e4senz und eine \u00fcberzeugende pers\u00f6nliche Ausstrahlung mindestens genauso wichtig. In Anlehnung an oben genannten Buchtitel geht es daher in dieser Masterclass um Ihren pers\u00f6nlich-stimmigen Auftritt. Als Design Thinking Coach. Als Workshop-Leiter. Als Konfliktl\u00f6ser. Als Rollenvorbild. Als Mensch.<\/p>\n\n\n\n<p>Das eigene Erleben und Ausprobieren steht w\u00e4hrend des\ngesamten Trainings ganz klar im Vordergrund, kurze Impulsvortr\u00e4ge geben den\ntheoretischen Hintergrund und Zeit f\u00fcr Reflexion des Erlebten und Gelernten\nrunden das Programm ab.&nbsp; <\/p>\n\n\n\n<h2 class=\"wp-block-heading\">Was Sie lernen werden:<\/h2>\n\n\n\n<ul class=\"wp-block-list\"><li>Wie bereite ich mich vor, wie beginne ich, wie betrete ich einen Raum?<\/li><li>Wie wirke ich auf andere? Wie \u201ekomme ich r\u00fcber\u201c?<\/li><li>Wie st\u00e4rke ich meine Stimmkraft?<\/li><li>Wie nutze ich Atem und K\u00f6rpersprache?<\/li><li>Wie bewege ich mich (auf der Workshop-B\u00fchne)?<\/li><li>Was verleiht mir Sicherheit?<\/li><li>Wie fokussiere ich mich und wie sorge ich f\u00fcr Fokus in der Gruppe?<\/li><li>Wie verst\u00e4ndlich bin ich und welche Sprache benutze ich?<\/li><li>Wie baue ich Kontakt auf zu den Teilnehmern und wie halte ich die Verbindung?<\/li><li>Was ist meine Rolle, meine Verantwortung und was nicht?<\/li><li>Was ist mein Stil? Was macht mich aus als Design Thinking Coach?<\/li><\/ul>\n\n\n\n<p>Diese Masterclass werde ich zusammen mit <a href=\"https:\/\/www.ellenguertler.de\/\" target=\"_blank\" rel=\"noreferrer noopener\">Ellen G\u00fcrtler<\/a> durchf\u00fchren.<\/p>\n\n\n\n<h4 class=\"wp-block-heading\">Zielgruppe<\/h4>\n\n\n\n<p>Die Masterclass richtet sich an erfahrene Design Thinker und Design Thinking Coaches, die sich vertiefend mit der Thematik auseinandersetzen wollen.<\/p>\n\n\n\n<h4 class=\"wp-block-heading\">Vom Training zur Lernreise<\/h4>\n\n\n\n<p><strong>Neben dem theoretischen Input und praktischen \u00dcben w\u00e4hrend der Masterclass wollen wir Dich tatkr\u00e4ftig dabei unterst\u00fctzen, das Gelernte in die Tat umzusetzen und in Deinen (Berufs-) Alltag zu integrieren.<\/strong><\/p>\n\n\n\n<ul class=\"wp-block-list\"><li>Daher beginnt Deine Lernreise schon zwei bis drei Wochen vor der Masterclass mit dem Erhalt des Workbooks per Post. Das Workbook begleitet Dich auf Deine Lernreise mit vielen Inspirationen, \u00dcbungen und Reflexionsm\u00f6glichkeiten.<\/li><li>Vor der Masterclass laden wir Dich darin in zahlreichen Reflektionen ein, Dich selbst zum Beobachtungsobject zu machen und im besten Design-Thinking-Sinne m\u00f6glichst viel \u00fcber Dich in Bezug auf Deine Stimme. Dein Auftreten und Deine Pr\u00e4senz zu lernen: Wie geht es mir bei meiner Arbeit? Wie spreche ich? Wie trete ich auf? Wie wirke ich auf andere? <\/li><li>Mit all all diese Informationen arbeitest Du w\u00e4hrend der Masterclass und sie werden Dir helfen, besser zu verstehen, wo Deinen ganz speziellen Fokus w\u00e4hren der Masterclass setzen m\u00f6chtest.<\/li><li>Im Rahmen der Masterclass hast Du dann zahlreiche M\u00f6glichkeiten Dich auf der \u201ekreaitven Workshop-B\u00fchne\u201c zu erproben und dabei das Gelernte direkt in die Tat umzusetzen.<\/li><li>Zum Abschluss Deiner Reise werden wir uns ca. zwei Wochen nach der Masterclass noch einmal online treffen und gemeinsam zur\u00fcckblicken, weitere Tipps austauschen und das gemeinsame Lernen abschlie\u00dfen.<\/li><\/ul>\n\n\n\n<h4 class=\"wp-block-heading\">Die Location<\/h4>\n\n\n\n<p>Die Masterclass finden in dem wunderbaren <a rel=\"noreferrer noopener\" href=\"https:\/\/www.kreativraum-karlsruhe.de\/\" target=\"_blank\">Kreativraum FLOW<\/a> mitten im alten Schlachthof am Rande der Karlsruher Oststadt statt.<\/p>\n\n\n\n<p>Wir haben uns bewusst f\u00fcr die Durchf\u00fchrung des Trainings als Pr\u00e4senzveranstaltung entschieden, weil wir glauben, dass gerade das Thema dieser Masterclass in Pr\u00e4senz erlebt und ge\u00fcbt werden muss. Wir werden dies nat\u00fcrlich in einer f\u00fcr alle sicheren und den Umst\u00e4nden angemessenen Art und Weise planen und durchf\u00fchren. Zudem haben wir rund um das FLOW viele sch\u00f6ne M\u00f6glichkeit, auch draussen aktiv zu sein.<\/p>\n\n\n\n<h4 class=\"wp-block-heading\">Teilnahmegeb\u00fchr und -bedingungen<\/h4>\n\n\n\n<p>Die   Teilnahmegeb\u00fchr betr\u00e4gt damit pro Person f\u00fcr Firmen \u20ac 935,-  und f\u00fcr Selbstzahler \u20ac 635,-. Die Preise verstehen sich netto zzgl. USt..<br><strong>Dar\u00fcberhinaus gew\u00e4hre ich  5% &#8222;Buddy-Rabatt&#8220;, wenn Du Deinen Lieblings-Design-Thinking-Buddy mitbringst.<\/strong><\/p>\n\n\n\n<p>Die maximale Teilnehmerzahl von 6 Teilnehmenden garantiert f\u00fcr alle eine intensive Lernerfahrung. Es gilt der Eingang der Anmeldung. Wir werden selbstverst\u00e4ndlich alle Hygiene- und Abstandregeln einhalten, ausreichenc L\u00fcften sowie wann immer m\u00f6glich auch Draussen aktiv sein.<\/p>\n\n\n\n<p>In der Teilnahmegeb\u00fchr sind  die Seminarleistung, s\u00e4mtliche Seminarunterlagen, sonstige ben\u00f6tigte Materialien, eine  Foto-Dokumentation, Pausengetr\u00e4nke, -snacks und Mittagessen (bzw. Abendessen am Montag) enthalten.<\/p>\n\n\n\n<p>Bei Absage bis sp\u00e4testens 3 Wochen vor der Masterclass werden 100% des Teilnahmebeitrags zur\u00fcck erstattet. Bei Absage bis 2 Wochen vorher, werden 50% zur\u00fcck erstattet (bei Ersatzkandidat 100%). Bei einer kurzfristigeren Absage kann  leider keine R\u00fcckerstattung geleistet werden (au\u00dfer bei Ersatzkandidat, dann 100%).<\/p>\n\n\n\n<p>Die Mindestteilnehmeranzahl sind 4 Teilnehmende. Bei Absage von Seiten des Veranstalters wird der komplette Teilnahmebeitrag zur\u00fcck\u00fcberwiesen.<\/p>\n\n\n\n<p><strong>Anfragen bitte \u00fcber <\/strong><a href=\"mailto:hallo@jochenguertler.de\"><strong>hallo@jochenguertler.de<\/strong><\/a><\/p>\n\n\n\n<p>Selbstverst\u00e4ndlich biete ich diese Masterclass auch als<strong> Inhouse-Training<\/strong> an.<\/p>\n\n\n\n<h4 class=\"wp-block-heading\">Hotel-Empfehlungen<\/h4>\n\n\n\n<p>In unmittelbarer N\u00e4he des Schlachthofs und in wenigen Gehminuten bequem erreichbar sind die zwei folgenden Hotels, die ich wirklich empfehlen kann:<\/p>\n\n\n\n<ul class=\"wp-block-list\"><li><a href=\"http:\/\/sevendays-hotel.de\/de\/karlsruhe\">seven Days Hotel &amp; Boardinghous Karlsruhe<\/a><\/li><li><a href=\"https:\/\/holiday-inn-express-karlsruhe-city-park.hotel-mix.de\/\">Holiday Inn Express Karlsruhe<\/a><\/li><\/ul>\n\n\n\n<p><strong>Ich freue mich, Sie bei dieser Masterclass begr\u00fcssen zu d\u00fcrfen.<\/strong><\/p>\n","protected":false},"excerpt":{"rendered":"<p>Don\u00b4t just do something. Be there&#8220; Auf der kreativen Workshop-B\u00fchne &#8211; und nun? Als Design Thinking Coach m\u00fcssen Sie in Ihrer Arbeit oft und gerne (?) in die unterschiedlichsten Rollen schl\u00fcpfen: Das eine Mal sind Sie der Experte, der die n\u00e4chsten Arbeitsschritte und Methode erkl\u00e4rt. Dann Workshop-Leiter und Facilitator, der einzelne Teams und mitunter auch [&hellip;]<\/p>\n","protected":false},"author":1,"featured_media":0,"parent":0,"menu_order":0,"comment_status":"closed","ping_status":"closed","template":"","meta":{"footnotes":""},"class_list":["post-2818","page","type-page","status-publish","hentry"],"_links":{"self":[{"href":"https:\/\/www.jochenguertler.de\/index.php?rest_route=\/wp\/v2\/pages\/2818","targetHints":{"allow":["GET"]}}],"collection":[{"href":"https:\/\/www.jochenguertler.de\/index.php?rest_route=\/wp\/v2\/pages"}],"about":[{"href":"https:\/\/www.jochenguertler.de\/index.php?rest_route=\/wp\/v2\/types\/page"}],"author":[{"embeddable":true,"href":"https:\/\/www.jochenguertler.de\/index.php?rest_route=\/wp\/v2\/users\/1"}],"replies":[{"embeddable":true,"href":"https:\/\/www.jochenguertler.de\/index.php?rest_route=%2Fwp%2Fv2%2Fcomments&post=2818"}],"version-history":[{"count":0,"href":"https:\/\/www.jochenguertler.de\/index.php?rest_route=\/wp\/v2\/pages\/2818\/revisions"}],"wp:attachment":[{"href":"https:\/\/www.jochenguertler.de\/index.php?rest_route=%2Fwp%2Fv2%2Fmedia&parent=2818"}],"curies":[{"name":"wp","href":"https:\/\/api.w.org\/{rel}","templated":true}]}}

Design Thinking Masterclass: Stimme, Präsenz &#038; Auftreten

<div class="wp-block-image"><figure class="aligncenter"><img loading="lazy" decoding="async" width="1024" height="1024" src="https://www.jochenguertler.de/wp-content/uploads/2020/01/2018-10-28-23.17.43-1900397548477583123_6890354208-1024x1024.jpg" alt="" class="wp-image-2821" srcset="https://www.jochenguertler.de/wp-content/uploads/2020/01/2018-10-28-23.17.43-1900397548477583123_6890354208-1024x1024.jpg 1024w, https://www.jochenguertler.de/wp-content/uploads/2020/01/2018-10-28-23.17.43-1900397548477583123_6890354208-150x150.jpg 150w, https://www.jochenguertler.de/wp-content/uploads/2020/01/2018-10-28-23.17.43-1900397548477583123_6890354208-300x300.jpg 300w, https://www.jochenguertler.de/wp-content/uploads/2020/01/2018-10-28-23.17.43-1900397548477583123_6890354208-768x768.jpg 768w, https://www.jochenguertler.de/wp-content/uploads/2020/01/2018-10-28-23.17.43-1900397548477583123_6890354208-100x100.jpg 100w, https://www.jochenguertler.de/wp-content/uploads/2020/01/2018-10-28-23.17.43-1900397548477583123_6890354208.jpg 1080w" sizes="auto, (max-width: 1024px) 100vw, 1024px" /></figure></div>



<blockquote class="wp-block-quote is-layout-flow wp-block-quote-is-layout-flow"><p>Don´t just do something. Be there&#8220;</p></blockquote>



<h4 class="wp-block-heading">Auf der kreativen Workshop-Bühne &#8211; und nun?</h4>



<p class="has-drop-cap">Als Design Thinking Coach müssen Sie in Ihrer Arbeit oft und gerne (?) in die unterschiedlichsten Rollen schlüpfen: Das eine Mal sind Sie der Experte, der die nächsten Arbeitsschritte und Methode erklärt. Dann Workshop-Leiter und Facilitator, der einzelne Teams und mitunter auch große Gruppen durch eine häufig dicht-gedrängte Agenda navigiert. Oder Vermittler bei Team-Konflikten, die in der oftmals sehr intensiven Teamarbeit fast unweigerlich entstehen. Und last but not least auch Rollenvorbild und „Change Agent“, der die mit Design Thinking verbundene Arbeitskultur in der eigenen Abteilung oder dem Unternehmen vorleben will, und dafür auch Überzeugungsarbeit leisten möchte und muss.</p>



<p>Neben inhaltlicher und methodischer Expertise sind dabei aus meiner Erfahrung vor allem eine gute Präsenz und eine überzeugende persönliche Ausstrahlung mindestens genauso wichtig. In Anlehnung an oben genannten Buchtitel geht es daher in dieser Masterclass um Ihren persönlich-stimmigen Auftritt. Als Design Thinking Coach. Als Workshop-Leiter. Als Konfliktlöser. Als Rollenvorbild. Als Mensch.</p>



<p>Das eigene Erleben und Ausprobieren steht während des
gesamten Trainings ganz klar im Vordergrund, kurze Impulsvorträge geben den
theoretischen Hintergrund und Zeit für Reflexion des Erlebten und Gelernten
runden das Programm ab.&nbsp; </p>



<h2 class="wp-block-heading">Was Sie lernen werden:</h2>



<ul class="wp-block-list"><li>Wie bereite ich mich vor, wie beginne ich, wie betrete ich einen Raum?</li><li>Wie wirke ich auf andere? Wie „komme ich rüber“?</li><li>Wie stärke ich meine Stimmkraft?</li><li>Wie nutze ich Atem und Körpersprache?</li><li>Wie bewege ich mich (auf der Workshop-Bühne)?</li><li>Was verleiht mir Sicherheit?</li><li>Wie fokussiere ich mich und wie sorge ich für Fokus in der Gruppe?</li><li>Wie verständlich bin ich und welche Sprache benutze ich?</li><li>Wie baue ich Kontakt auf zu den Teilnehmern und wie halte ich die Verbindung?</li><li>Was ist meine Rolle, meine Verantwortung und was nicht?</li><li>Was ist mein Stil? Was macht mich aus als Design Thinking Coach?</li></ul>



<p>Diese Masterclass werde ich zusammen mit <a href="https://www.ellenguertler.de/" target="_blank" rel="noreferrer noopener">Ellen Gürtler</a> durchführen.</p>



<h4 class="wp-block-heading">Zielgruppe</h4>



<p>Die Masterclass richtet sich an erfahrene Design Thinker und Design Thinking Coaches, die sich vertiefend mit der Thematik auseinandersetzen wollen.</p>



<h4 class="wp-block-heading">Vom Training zur Lernreise</h4>



<p><strong>Neben dem theoretischen Input und praktischen Üben während der Masterclass wollen wir Dich tatkräftig dabei unterstützen, das Gelernte in die Tat umzusetzen und in Deinen (Berufs-) Alltag zu integrieren.</strong></p>



<ul class="wp-block-list"><li>Daher beginnt Deine Lernreise schon zwei bis drei Wochen vor der Masterclass mit dem Erhalt des Workbooks per Post. Das Workbook begleitet Dich auf Deine Lernreise mit vielen Inspirationen, Übungen und Reflexionsmöglichkeiten.</li><li>Vor der Masterclass laden wir Dich darin in zahlreichen Reflektionen ein, Dich selbst zum Beobachtungsobject zu machen und im besten Design-Thinking-Sinne möglichst viel über Dich in Bezug auf Deine Stimme. Dein Auftreten und Deine Präsenz zu lernen: Wie geht es mir bei meiner Arbeit? Wie spreche ich? Wie trete ich auf? Wie wirke ich auf andere? </li><li>Mit all all diese Informationen arbeitest Du während der Masterclass und sie werden Dir helfen, besser zu verstehen, wo Deinen ganz speziellen Fokus währen der Masterclass setzen möchtest.</li><li>Im Rahmen der Masterclass hast Du dann zahlreiche Möglichkeiten Dich auf der „kreaitven Workshop-Bühne“ zu erproben und dabei das Gelernte direkt in die Tat umzusetzen.</li><li>Zum Abschluss Deiner Reise werden wir uns ca. zwei Wochen nach der Masterclass noch einmal online treffen und gemeinsam zurückblicken, weitere Tipps austauschen und das gemeinsame Lernen abschließen.</li></ul>



<h4 class="wp-block-heading">Die Location</h4>



<p>Die Masterclass finden in dem wunderbaren <a rel="noreferrer noopener" href="https://www.kreativraum-karlsruhe.de/" target="_blank">Kreativraum FLOW</a> mitten im alten Schlachthof am Rande der Karlsruher Oststadt statt.</p>



<p>Wir haben uns bewusst für die Durchführung des Trainings als Präsenzveranstaltung entschieden, weil wir glauben, dass gerade das Thema dieser Masterclass in Präsenz erlebt und geübt werden muss. Wir werden dies natürlich in einer für alle sicheren und den Umständen angemessenen Art und Weise planen und durchführen. Zudem haben wir rund um das FLOW viele schöne Möglichkeit, auch draussen aktiv zu sein.</p>



<h4 class="wp-block-heading">Teilnahmegebühr und -bedingungen</h4>



<p>Die   Teilnahmegebühr beträgt damit pro Person für Firmen € 935,-  und für Selbstzahler € 635,-. Die Preise verstehen sich netto zzgl. USt..<br><strong>Darüberhinaus gewähre ich  5% &#8222;Buddy-Rabatt&#8220;, wenn Du Deinen Lieblings-Design-Thinking-Buddy mitbringst.</strong></p>



<p>Die maximale Teilnehmerzahl von 6 Teilnehmenden garantiert für alle eine intensive Lernerfahrung. Es gilt der Eingang der Anmeldung. Wir werden selbstverständlich alle Hygiene- und Abstandregeln einhalten, ausreichenc Lüften sowie wann immer möglich auch Draussen aktiv sein.</p>



<p>In der Teilnahmegebühr sind  die Seminarleistung, sämtliche Seminarunterlagen, sonstige benötigte Materialien, eine  Foto-Dokumentation, Pausengetränke, -snacks und Mittagessen (bzw. Abendessen am Montag) enthalten.</p>



<p>Bei Absage bis spätestens 3 Wochen vor der Masterclass werden 100% des Teilnahmebeitrags zurück erstattet. Bei Absage bis 2 Wochen vorher, werden 50% zurück erstattet (bei Ersatzkandidat 100%). Bei einer kurzfristigeren Absage kann  leider keine Rückerstattung geleistet werden (außer bei Ersatzkandidat, dann 100%).</p>



<p>Die Mindestteilnehmeranzahl sind 4 Teilnehmende. Bei Absage von Seiten des Veranstalters wird der komplette Teilnahmebeitrag zurücküberwiesen.</p>



<p><strong>Anfragen bitte über </strong><a href="mailto:hallo@jochenguertler.de"><strong>hallo@jochenguertler.de</strong></a></p>



<p>Selbstverständlich biete ich diese Masterclass auch als<strong> Inhouse-Training</strong> an.</p>



<h4 class="wp-block-heading">Hotel-Empfehlungen</h4>



<p>In unmittelbarer Nähe des Schlachthofs und in wenigen Gehminuten bequem erreichbar sind die zwei folgenden Hotels, die ich wirklich empfehlen kann:</p>



<ul class="wp-block-list"><li><a href="http://sevendays-hotel.de/de/karlsruhe">seven Days Hotel &amp; Boardinghous Karlsruhe</a></li><li><a href="https://holiday-inn-express-karlsruhe-city-park.hotel-mix.de/">Holiday Inn Express Karlsruhe</a></li></ul>



<p><strong>Ich freue mich, Sie bei dieser Masterclass begrüssen zu dürfen.</strong></p>

<p>Don´t just do something. Be there&#8220; Auf der kreativen Workshop-Bühne &#8211; und nun? Als Design Thinking Coach müssen Sie in Ihrer Arbeit oft und gerne (?) in die unterschiedlichsten Rollen schlüpfen: Das eine Mal sind Sie der Experte, der die nächsten Arbeitsschritte und Methode erklärt. Dann Workshop-Leiter und Facilitator, der einzelne Teams und mitunter auch [&hellip;]</p>
